 Calculate the remainder when g(s) is divided by u.
7
Calculate the remainder when 1230 is divided by 4674/(-82)*(-10)/6.
90
What is the remainder when (84/112)/(((-25)/10860)/(-5)) is divided by 69?
42
Let o = 27750 - 27682. What is the remainder when 1400 is divided by o?
40
Let o = -20813 + 20824. What is the remainder when 789 is divided by o?
8
Suppose 4089 + 3711 = 6*l. What is the remainder when l is divided by 9?
4
Suppose 0 = 2*k - 29 - 181. Suppose 3*h + k = 5*q, -9 = 3*q + 5*h - 38. Calculate the remainder when 41 - ((11 - 4) + 1) is divided by q.
15
Suppose -2*k + t + 1299 = 0, 4*k + t = -85 + 2662. Suppose -m + 17 = 2*x, 0 = m + x - 5 - 17. Calculate the remainder when k is divided by m.
25
Suppose -5*c = 0, 4*c - 27 = -5*j + 2*j. Suppose -882 = -4*q - 3*b, 3*b = 15 - j. Calculate the remainder when q is divided by 17.
15
Suppose 190*y - 189*y - 28 = 0. Suppose -y*v + 18*v = -560. What is the remainder when v is divided by 13?
4
Let u = 34475 + -34153. What is the remainder when 1229 is divided by u?
263
Suppose 10*u = -5*u - 1770. Let l = 121 - u. What is the remainder when l is divided by ((-10)/(-3))/(2/12)?
19
Let g = 176 + -97. Suppose 0 = 3*r - 5*b - 2, 5*b - 129 = -4*r - 103. What is the remainder when g is divided by r?
3
Let u be 6/(-45) + (-28)/(-210). Suppose -2*p + 64 + 92 = u. What is the remainder when p is divided by 42?
36
Suppose 35*c - 39*c + 452 = 0. Let u(t) = t**3 - 3*t + 5. What is the remainder when c is divided by u(3)?
21
Suppose 6*y + 51 = 15. Let q = 15 + y. Let g = 145 + -114. What is the remainder when g is divided by q?
4
Suppose 3*r - 1384 = g, -167 = r - g - 631. Let i = r + -427. Calculate the remainder when i is divided by 10.
3
Calculate the remainder when 1270 is divided by 9/(-135)*5 - 1010/(-15).
64
Suppose 4*g + 285 = 7*g + 3*w, 4*g - 2*w = 338. What is the remainder when 2415 is divided by g?
39
Let p be 1/(-2)*(-733 + -29). Let t = p + -358. Calculate the remainder when 27 is divided by t.
4
Let r(h) = 5*h - 243. Calculate the remainder when r(82) is divided by 108.
59
Let t = 90 + 302. Let b = -265 + t. Let v(s) = -2*s**3 + 23*s**2 - 8*s + 10. Calculate the remainder when b is divided by v(11).
41
Suppose 8*i = 7*i + 9. Let r(a) = -5*a - i*a + a - 5*a - 3. What is the remainder when r(-3) is divided by 13?
12
Let h(c) = c**3 + 14*c**2 + 2*c + 48. Let w be h(-14). What is the remainder when 18 is divided by ((-4)/w)/((-4)/140)?
4
Let a(w) = -w**3 - 13*w**2 + 0*w**3 + 982*w - 17 - 970*w + 0*w**2. What is the remainder when (-2)/(-8) - 1710/(-40) is divided by a(-14)?
10
Let j = 2411 + -1037. Let i = j + -1330. Let y(v) = -v**2 + 9*v - 6. What is the remainder when i is divided by y(6)?
8
Suppose 10*u + 23*u - 308 = -11*u. What is the remainder when 1587 is divided by u?
5
Suppose -90 = -2*a - 5*n, 4*a = -0*n + 3*n + 128. Let o(j) = -j**2 - 5*j + 7. Let z be o(-9). Let q = z + 42. What is the remainder when a is divided by q?
9
Suppose -53 = 52*x - 157. Calculate the remainder when 4*3*x/((-24)/(-140)) is divided by 29.
24
What is the remainder when 155548/51 - (-22)/561 is divided by 19?
10
Suppose 963 = -233*g + 3795 + 1129. Calculate the remainder when 3246 is divided by g.
16
Let j = -345 - -233. What is the remainder when (-6 - j/21)*(-606)/4 is divided by 51?
50
Let p(h) = 20*h + 275. Let k be p(-7). Suppose k = w + f, -6*w + w = 3*f - 671. What is the remainder when w is divided by 4?
1
Let m = -215 + 220. Suppose -2*t = t - h - 63, m*t + 5*h = 85. Let d = -13 + 71. What is the remainder when d is divided by t?
18
Let a be (-9)/2 + -1 + (-6)/(-12). Let n(k) = 3*k + 11. Let q be n(a). What is the remainder when 1*q/2*203/(-14) is divided by 16?
13
Let z(l) = -3*l**2 - 24*l - 2. Let k be z(-8). Let f be k/(-9) - (-43)/9. Suppose 28 + 27 = f*i. Calculate the remainder when 53 is divided by i.
9
Let c be (2/4)/(6/60). Suppose -3*w = 4*v - 370, -w - 98 = -2*w + c*v. What is the remainder when w is divided by 12?
10
Suppose 75*v - 898 = 302. Let r = -93 + 329. What is the remainder when r is divided by v?
12
Suppose -66*o - 72 + 22380 = 0. What is the remainder when o is divided by 5?
3
Let r be (-1 - -8)/(((-21)/114)/(-7)). Let y = 292 - r. Suppose 3*m + 5*p = 320, 0*m - 5*p - 380 = -4*m. What is the remainder when m is divided by y?
22
Let d(a) = a**3 - 40*a**2 + 84*a - 167. Calculate the remainder when 148 is divided by d(38).
11
Suppose 9*k = 142 - 79 + 108. Calculate the remainder when 640 is divided by k.
13
Let n(l) = 2*l**2 - 34*l - 91. Let o(k) = k**2 - 17*k - 45. Let f(c) = -2*n(c) + 5*o(c). Calculate the remainder when 61 is divided by f(20).
10
Let v = 29614 + -20469. Calculate the remainder when v is divided by 30.
25
Suppose 2*c = 5*w + 1408 + 171, 5*w - 2431 = -3*c. Calculate the remainder when c is divided by 267.
1
Let x(p) = -10*p - 55. Let h(d) = 5*d + 28. Suppose 4 - 34 = 6*l. Let f(i) = l*h(i) - 2*x(i). What is the remainder when 26 is divided by f(-9)?
11
Let w = 29 + -29. Suppose 3*p - 2*z - 148 = w, -p = 4*p - z - 235. Let d = p + 2. What is the remainder when d is divided by 7?
6
Calculate the remainder when 474 is divided by (-44)/33*(-4 + (-1038)/(-48))*-2.
4
Let k = -8418 - -8481. Calculate the remainder when 324 is divided by k.
9
Let z be 4/(-32) + (-1302)/(-48). Suppose -w + 85 = -z. What is the remainder when w is divided by 29?
25
Let k(h) = 44*h + 54. Let y be k(8). Let u = -293 + y. What is the remainder when u is divided by 32?
17
Let d = 10836 + -10818. Calculate the remainder when 5129 is divided by d.
17
What is the remainder when -1 + 6 - (-8 - ((-25000)/(-5) - 10)) is divided by 1249?
7
Suppose 4*j + w - 369 = 4, -j + 96 = 3*w. What is the remainder when j is divided by 6006/143*(-4)/(-7)?
21
Calculate the remainder when 2/(3/((-570)/(-4))) is divided by (-4)/(8/(-42)) + (121 + 9)/(-13).
7
Let n = 26 - 3. Suppose 0 = -i - 3*z + 10, 0 = 4*i - 2*i + 3*z - 17. Let w = i - -3. Calculate the remainder when n is divided by w.
3
Suppose 8*p - 342 = 2*p. Suppose p*m - 50*m - 63 = 0. Calculate the remainder when 33 is divided by m.
6
Let w(f) = -47*f + 6. Let o be w(-4). Let t = -117 + o. What is the remainder when t is divided by -2 + -2 + 140/7?
13
Let h be 19 - (3/3)/1. Let a = -45 + h. Calculate the remainder when -3*3*57/a is divided by 7.
5
Let j be (-7 + 1252/(-12))*-3. Let f = 444 - j. Calculate the remainder when f is divided by 24.
14
Suppose 5*y = 4*j + 297 + 168, y = 10*j + 139. What is the remainder when y is divided by 64?
25
Suppose 69*m = 68*m - 73. Let q = 336 + m. Calculate the remainder when q is divided by 24.
23
Suppose 2*b + 3*b - 145 = -5*k, 3*b + 37 = k. Calculate the remainder when 30 + 86 + -20 + 4 is divided by k.
7
Suppose 175*k = 21238 + 56287. What is the remainder when k is divided by 12?
11
Let f(c) = -c**3 - 45*c**2 - 8*c - 221. Calculate the remainder when 279 is divided by f(-45).
1
Let c = -3516 - -3899. Let m(i) = i**3 + 5*i**2 + 2*i + 3. What is the remainder when c is divided by m(-4)?
9
Suppose -5*k + 414 = 128*q - 131*q, -q = -2*k + 167. Calculate the remainder when k is divided by 26.
9
Let m(v) = -20*v - 137. Let h be m(-7). Suppose 0 = -2*y - y, 4*y + 264 = h*t. Calculate the remainder when t is divided by 19.
12
Let b = 916 - 750. What is the remainder when 178 is divided by b?
12
Let a(x) = 14*x + 161. Let q be a(-10). Suppose q*w - 14*w = 280. Calculate the remainder when w is divided by 7.
5
Let y = 94 - 83. Suppose 0 = 12*g - y*g - 38. Let v = 57 + g. Calculate the remainder when v is divided by 14.
11
Suppose -122*r - 3*g + 358 = -120*r, 0 = 4*r + 3*g - 698. Calculate the remainder when 671 is divided by r.
161
Let h(n) be the second derivative of -7/2*n**2 + 6*n + 0 + 1/6*n**4 + 2/3*n**3. Calculate the remainder when h(-7) is divided by 17.
12
Suppose 6*f + 150 - 222 = 0. What is the remainder when (-5 - (-17)/1)*f is divided by 7?
4
What is the remainder when 280 is divided by (-12510)/(-450)*10/1?
2
Let b = 12626 + -12581. What is the remainder when 15254 is divided by b?
44
Suppose w - 1825 = -2*a, -3*a = -3*w + 1941 + 3498. Calculate the remainder when w is divided by 152.
145
Let r = -2383 + 2476. What is the remainder when 260 is divided by r?
74
Suppose -5*d - 22*i = -25*i - 4285, 0 = -3*d + 2*i + 